CRAN Package Check Results for Package TriadSim

Last updated on 2023-11-29 12:57:06 CET.

Flavor Version Tinstall Tcheck Ttotal Status Flags
r-devel-linux-x86_64-debian-clang 0.3.0 3.35 56.16 59.51 NOTE
r-devel-linux-x86_64-debian-gcc 0.3.0 2.60 42.54 45.14 NOTE
r-devel-linux-x86_64-fedora-clang 0.3.0 71.12 NOTE
r-devel-linux-x86_64-fedora-gcc 0.3.0 83.99 NOTE
r-devel-windows-x86_64 0.3.0 4.00 119.00 123.00 NOTE
r-patched-linux-x86_64 0.3.0 3.31 52.76 56.07 NOTE
r-release-linux-x86_64 0.3.0 3.44 52.85 56.29 NOTE
r-release-macos-arm64 0.3.0 6.00 ERROR
r-release-macos-x86_64 0.3.0 125.00 NOTE
r-release-windows-x86_64 0.3.0 5.00 148.00 153.00 NOTE
r-oldrel-macos-arm64 0.3.0 47.00 OK
r-oldrel-macos-x86_64 0.3.0 70.00 OK
r-oldrel-windows-x86_64 0.3.0 5.00 156.00 161.00 OK

Check Details

Version: 0.3.0
Check: package subdirectories
Result: NOTE Problems with news in ‘NEWS.md’: No news entries found. Flavors: r-devel-linux-x86_64-debian-clang, r-devel-linux-x86_64-debian-gcc, r-devel-linux-x86_64-fedora-clang, r-devel-linux-x86_64-fedora-gcc, r-devel-windows-x86_64, r-patched-linux-x86_64, r-release-linux-x86_64, r-release-macos-x86_64, r-release-windows-x86_64

Version: 0.3.0
Check: package dependencies
Result: ERROR Package required but not available: ‘snpStats’ See section ‘The DESCRIPTION file’ in the ‘Writing R Extensions’ manual. Flavor: r-release-macos-arm64