CRAN Package Check Results for Package TrenchR

Last updated on 2024-02-23 11:53:38 CET.

Flavor Version Tinstall Tcheck Ttotal Status Flags
r-devel-linux-x86_64-debian-clang 1.1.1 NOTE
r-devel-linux-x86_64-debian-gcc 1.1.1 10.63 123.83 134.46 NOTE
r-devel-linux-x86_64-fedora-clang 1.1.1 227.80 NOTE
r-devel-linux-x86_64-fedora-gcc 1.1.1 238.63 NOTE
r-devel-windows-x86_64 1.1.1 14.00 170.00 184.00 OK
r-patched-linux-x86_64 1.1.1 16.65 158.41 175.06 OK
r-release-linux-x86_64 1.1.1 14.90 160.29 175.19 OK
r-release-macos-arm64 1.1.1 89.00 OK
r-release-macos-x86_64 1.1.1 143.00 OK
r-release-windows-x86_64 1.1.1 17.00 203.00 220.00 OK
r-oldrel-macos-arm64 1.1.1 78.00 OK
r-oldrel-windows-x86_64 1.1.1 18.00 174.00 192.00 OK

Check Details

Version: 1.1.1
Check: Rd files
Result: NOTE checkRd: (-1) DRYAIR.Rd:18: Lost braces in \itemize; \value handles \item{}{} directly checkRd: (-1) DRYAIR.Rd:19: Lost braces in \itemize; \value handles \item{}{} directly checkRd: (-1) DRYAIR.Rd:20: Lost braces in \itemize; \value handles \item{}{} directly checkRd: (-1) DRYAIR.Rd:21: Lost braces in \itemize; \value handles \item{}{} directly checkRd: (-1) DRYAIR.Rd:22: Lost braces in \itemize; \value handles \item{}{} directly checkRd: (-1) DRYAIR.Rd:23: Lost braces in \itemize; \value handles \item{}{} directly checkRd: (-1) DRYAIR.Rd:24: Lost braces in \itemize; \value handles \item{}{} directly checkRd: (-1) DRYAIR.Rd:25: Lost braces in \itemize; \value handles \item{}{} directly checkRd: (-1) DRYAIR.Rd:26: Lost braces in \itemize; \value handles \item{}{} directly checkRd: (-1) DRYAIR.Rd:27: Lost braces in \itemize; \value handles \item{}{} directly checkRd: (-1) DRYAIR.Rd:28: Lost braces in \itemize; \value handles \item{}{} directly checkRd: (-1) WETAIR.Rd:41: Lost braces in \itemize; meant \describe ? checkRd: (-1) WETAIR.Rd:42: Lost braces in \itemize; meant \describe ? checkRd: (-1) WETAIR.Rd:22: Lost braces in \itemize; \value handles \item{}{} directly checkRd: (-1) WETAIR.Rd:23: Lost braces in \itemize; \value handles \item{}{} directly checkRd: (-1) WETAIR.Rd:24: Lost braces in \itemize; \value handles \item{}{} directly checkRd: (-1) WETAIR.Rd:25: Lost braces in \itemize; \value handles \item{}{} directly checkRd: (-1) WETAIR.Rd:26: Lost braces in \itemize; \value handles \item{}{} directly checkRd: (-1) WETAIR.Rd:27: Lost braces in \itemize; \value handles \item{}{} directly checkRd: (-1) WETAIR.Rd:28: Lost braces in \itemize; \value handles \item{}{} directly checkRd: (-1) WETAIR.Rd:29: Lost braces in \itemize; \value handles \item{}{} directly checkRd: (-1) WETAIR.Rd:30: Lost braces in \itemize; \value handles \item{}{} directly checkRd: (-1) diurnal_temp_variation_sineexp.Rd:41: Lost braces in \itemize; meant \describe ? checkRd: (-1) diurnal_temp_variation_sineexp.Rd:42: Lost braces in \itemize; meant \describe ? checkRd: (-1) diurnal_temp_variation_sineexp.Rd:43: Lost braces in \itemize; meant \describe ? checkRd: (-1) diurnal_temp_variation_sineexp.Rd:44: Lost braces in \itemize; meant \describe ? Flavors: r-devel-linux-x86_64-debian-clang, r-devel-linux-x86_64-debian-gcc, r-devel-linux-x86_64-fedora-clang, r-devel-linux-x86_64-fedora-gcc