Last updated on 2024-04-23 10:54:20 CEST.
Flavor | Version | Tinstall | Tcheck | Ttotal | Status | Flags |
---|---|---|---|---|---|---|
r-devel-linux-x86_64-debian-clang | 2.7.0 | 58.51 | 303.73 | 362.24 | NOTE | |
r-devel-linux-x86_64-debian-gcc | 2.7.0 | 47.15 | 225.41 | 272.56 | NOTE | |
r-devel-linux-x86_64-fedora-clang | 2.7.0 | 497.43 | NOTE | |||
r-devel-linux-x86_64-fedora-gcc | 2.7.0 | 488.26 | NOTE | |||
r-prerel-macos-arm64 | 2.7.0 | 128.00 | NOTE | |||
r-prerel-windows-x86_64 | 2.7.0 | 47.00 | 397.00 | 444.00 | NOTE | |
r-patched-linux-x86_64 | 2.7.0 | 58.07 | 293.53 | 351.60 | NOTE | |
r-release-linux-x86_64 | 2.7.0 | 52.60 | 295.63 | 348.23 | NOTE | |
r-release-macos-arm64 | 2.7.0 | 145.00 | NOTE | |||
r-release-macos-x86_64 | 2.7.0 | 288.00 | NOTE | |||
r-release-windows-x86_64 | 2.7.0 | 61.00 | 379.00 | 440.00 | NOTE | |
r-oldrel-macos-arm64 | 2.7.0 | 135.00 | NOTE | |||
r-oldrel-windows-x86_64 | 2.7.0 | 61.00 | 334.00 | 395.00 | NOTE |
Version: 2.7.0
Check: package dependencies
Result: NOTE
Package suggested but not available for checking: ‘TreeDistData’
Flavors: r-devel-linux-x86_64-debian-clang, r-devel-linux-x86_64-debian-gcc, r-devel-linux-x86_64-fedora-clang, r-devel-linux-x86_64-fedora-gcc, r-prerel-macos-arm64, r-prerel-windows-x86_64, r-patched-linux-x86_64, r-release-linux-x86_64, r-release-macos-arm64, r-release-macos-x86_64, r-release-windows-x86_64, r-oldrel-macos-arm64, r-oldrel-windows-x86_64
Version: 2.7.0
Check: installed package size
Result: NOTE
installed size is 5.9Mb
sub-directories of 1Mb or more:
doc 5.0Mb
Flavors: r-devel-linux-x86_64-fedora-clang, r-prerel-macos-arm64, r-prerel-windows-x86_64, r-release-macos-arm64, r-release-macos-x86_64, r-release-windows-x86_64, r-oldrel-macos-arm64, r-oldrel-windows-x86_64