CRAN Package Check Results for Package TreeDiagram

Last updated on 2024-02-27 11:50:06 CET.

Flavor Version Tinstall Tcheck Ttotal Status Flags
r-devel-linux-x86_64-debian-clang 0.1.1 6.41 60.29 66.70 OK
r-devel-linux-x86_64-debian-gcc 0.1.1 5.44 46.00 51.44 OK
r-devel-linux-x86_64-fedora-clang 0.1.1 82.23 NOTE
r-devel-linux-x86_64-fedora-gcc 0.1.1 78.13 NOTE
r-devel-windows-x86_64 0.1.1 6.00 72.00 78.00 OK
r-patched-linux-x86_64 0.1.1 5.52 56.51 62.03 OK
r-release-linux-x86_64 0.1.1 4.12 56.46 60.58 OK
r-release-macos-arm64 0.1.1 27.00 OK
r-release-macos-x86_64 0.1.1 42.00 OK
r-release-windows-x86_64 0.1.1 10.00 71.00 81.00 OK
r-oldrel-macos-arm64 0.1.1 29.00 NOTE
r-oldrel-windows-x86_64 0.1.1 9.00 83.00 92.00 OK

Check Details

Version: 0.1.1
Check: dependencies in R code
Result: NOTE Namespace in Imports field not imported from: ‘tree’ All declared Imports should be used. Flavors: r-devel-linux-x86_64-fedora-clang, r-devel-linux-x86_64-fedora-gcc, r-oldrel-macos-arm64