Last updated on 2025-07-19 13:50:29 CEST.
Flavor | Version | Tinstall | Tcheck | Ttotal | Status | Flags |
---|---|---|---|---|---|---|
r-devel-linux-x86_64-debian-clang | 0.1.3 | 9.20 | 74.60 | 83.80 | NOTE | |
r-devel-linux-x86_64-debian-gcc | 0.1.3 | 6.04 | 53.42 | 59.46 | NOTE | |
r-devel-linux-x86_64-fedora-clang | 0.1.3 | 126.53 | OK | |||
r-devel-linux-x86_64-fedora-gcc | 0.1.3 | 121.37 | OK | |||
r-devel-windows-x86_64 | 0.1.3 | 11.00 | 102.00 | 113.00 | OK | |
r-patched-linux-x86_64 | 0.1.3 | 7.89 | 69.62 | 77.51 | OK | |
r-release-linux-x86_64 | 0.1.3 | 6.99 | 69.68 | 76.67 | OK | |
r-release-macos-arm64 | 0.1.3 | 41.00 | OK | |||
r-release-macos-x86_64 | 0.1.3 | 74.00 | OK | |||
r-release-windows-x86_64 | 0.1.3 | 10.00 | 102.00 | 112.00 | OK | |
r-oldrel-macos-arm64 | 0.1.3 | 39.00 | OK | |||
r-oldrel-macos-x86_64 | 0.1.3 | 63.00 | OK | |||
r-oldrel-windows-x86_64 | 0.1.3 | 13.00 | 124.00 | 137.00 | OK |
Version: 0.1.3
Check: CRAN incoming feasibility
Result: NOTE
Maintainer: ‘Silvestre Garcia de Jalon <s.garciadejalon@gmail.com>’
No Authors@R field in DESCRIPTION.
Please add one, modifying
Authors@R: person(given = c("Silvestre", "Garcia"),
family = "de Jalon",
role = c("aut", "cre"),
email = "s.garciadejalon@gmail.com")
as necessary.
Flavors: r-devel-linux-x86_64-debian-clang, r-devel-linux-x86_64-debian-gcc