Last updated on 2024-04-19 11:57:04 CEST.
Flavor | Version | Tinstall | Tcheck | Ttotal | Status | Flags |
---|---|---|---|---|---|---|
r-devel-linux-x86_64-debian-clang | 2.1.1 | 14.21 | 122.76 | 136.97 | NOTE | |
r-devel-linux-x86_64-debian-gcc | 2.1.1 | NOTE | ||||
r-devel-linux-x86_64-fedora-clang | 2.1.1 | 168.71 | NOTE | |||
r-devel-linux-x86_64-fedora-gcc | 2.1.1 | 159.60 | NOTE | |||
r-prerel-macos-arm64 | 2.1.1 | 46.00 | NOTE | |||
r-prerel-windows-x86_64 | 2.1.1 | 16.00 | 97.00 | 113.00 | NOTE | |
r-patched-linux-x86_64 | 2.1.1 | 14.37 | 114.76 | 129.13 | NOTE | |
r-release-linux-x86_64 | 2.1.1 | 13.87 | 116.88 | 130.75 | OK | |
r-release-macos-arm64 | 2.1.1 | 69.00 | OK | |||
r-release-macos-x86_64 | 2.1.1 | 82.00 | OK | |||
r-release-windows-x86_64 | 2.1.1 | 19.00 | 119.00 | 138.00 | OK | |
r-oldrel-macos-arm64 | 2.1.1 | 46.00 | OK | |||
r-oldrel-windows-x86_64 | 2.1.1 | 19.00 | 119.00 | 138.00 | OK |
Version: 2.1.1
Check: Rd files
Result: NOTE
checkRd: (-1) trtsel.Rd:69: Lost braces; missing escapes or markup?
69 | numeric with two values {0,1} and gaussian(link = "identity") otherwise.
| ^
Flavors: r-devel-linux-x86_64-debian-clang, r-devel-linux-x86_64-debian-gcc, r-devel-linux-x86_64-fedora-clang, r-devel-linux-x86_64-fedora-gcc, r-prerel-macos-arm64, r-prerel-windows-x86_64, r-patched-linux-x86_64