CRAN Package Check Results for Package TraceAssist

Last updated on 2022-07-01 11:52:13 CEST.

Flavor Version Tinstall Tcheck Ttotal Status Flags
r-devel-linux-x86_64-debian-clang 0.1.0 8.05 82.79 90.84 OK
r-devel-linux-x86_64-debian-gcc 0.1.0 7.87 63.23 71.10 OK
r-devel-linux-x86_64-fedora-clang 0.1.0 121.07 NOTE
r-devel-linux-x86_64-fedora-gcc 0.1.0 120.95 NOTE
r-devel-windows-x86_64 0.1.0 19.00 107.00 126.00 OK
r-patched-linux-x86_64 0.1.0 9.21 81.26 90.47 OK
r-release-linux-x86_64 0.1.0 8.56 81.69 90.25 OK
r-release-macos-arm64 0.1.0 33.00 NOTE
r-release-macos-x86_64 0.1.0 67.00 NOTE
r-release-windows-x86_64 0.1.0 17.00 111.00 128.00 OK
r-oldrel-macos-arm64 0.1.0 38.00 NOTE
r-oldrel-macos-x86_64 0.1.0 50.00 NOTE
r-oldrel-windows-ix86+x86_64 0.1.0 22.00 100.00 122.00 OK

Check Details

Version: 0.1.0
Check: dependencies in R code
Result: NOTE
    Namespace in Imports field not imported from: ‘Matrix’
     All declared Imports should be used.
Flavors: r-devel-linux-x86_64-fedora-clang, r-devel-linux-x86_64-fedora-gcc, r-release-macos-arm64, r-release-macos-x86_64, r-oldrel-macos-arm64, r-oldrel-macos-x86_64