Last updated on 2024-04-23 10:54:20 CEST.
Flavor | Version | Tinstall | Tcheck | Ttotal | Status | Flags |
---|---|---|---|---|---|---|
r-devel-linux-x86_64-debian-clang | 1.0 | 1.94 | 24.62 | 26.56 | NOTE | |
r-devel-linux-x86_64-debian-gcc | 1.0 | 1.61 | 18.08 | 19.69 | NOTE | |
r-devel-linux-x86_64-fedora-clang | 1.0 | 32.90 | NOTE | |||
r-devel-linux-x86_64-fedora-gcc | 1.0 | 31.12 | NOTE | |||
r-prerel-macos-arm64 | 1.0 | 15.00 | NOTE | |||
r-prerel-windows-x86_64 | 1.0 | 2.00 | 37.00 | 39.00 | NOTE | |
r-patched-linux-x86_64 | 1.0 | 1.85 | 23.67 | 25.52 | NOTE | |
r-release-linux-x86_64 | 1.0 | 1.71 | 26.61 | 28.32 | NOTE | |
r-release-macos-arm64 | 1.0 | 15.00 | NOTE | |||
r-release-macos-x86_64 | 1.0 | 20.00 | NOTE | |||
r-release-windows-x86_64 | 1.0 | 4.00 | 38.00 | 42.00 | NOTE | |
r-oldrel-macos-arm64 | 1.0 | 17.00 | OK | |||
r-oldrel-windows-x86_64 | 1.0 | 5.00 | 47.00 | 52.00 | OK |
Version: 1.0
Check: package subdirectories
Result: NOTE
Problems with news in ‘NEWS.md’:
No news entries found.
Flavors: r-devel-linux-x86_64-debian-clang, r-devel-linux-x86_64-debian-gcc, r-devel-linux-x86_64-fedora-clang, r-devel-linux-x86_64-fedora-gcc, r-prerel-macos-arm64, r-prerel-windows-x86_64, r-patched-linux-x86_64, r-release-linux-x86_64, r-release-macos-arm64, r-release-macos-x86_64, r-release-windows-x86_64