CRAN Package Check Results for Package TopKLists

Last updated on 2022-08-08 10:56:36 CEST.

Flavor Version Tinstall Tcheck Ttotal Status Flags
r-devel-linux-x86_64-debian-clang 1.0.7 15.97 214.06 230.03 NOTE
r-devel-linux-x86_64-debian-gcc 1.0.7 12.65 168.76 181.41 NOTE
r-devel-linux-x86_64-fedora-clang 1.0.7 283.89 NOTE
r-devel-linux-x86_64-fedora-gcc 1.0.7 291.68 NOTE
r-devel-windows-x86_64 1.0.7 43.00 238.00 281.00 OK
r-patched-linux-x86_64 1.0.7 9.92 217.46 227.38 NOTE
r-release-linux-x86_64 1.0.7 NOTE
r-release-macos-arm64 1.0.7 82.00 NOTE
r-release-macos-x86_64 1.0.7 141.00 NOTE
r-release-windows-x86_64 1.0.7 40.00 383.00 423.00 OK
r-oldrel-macos-arm64 1.0.7 101.00 NOTE
r-oldrel-macos-x86_64 1.0.7 160.00 OK
r-oldrel-windows-ix86+x86_64 1.0.7 40.00 336.00 376.00 OK

Check Details

Version: 1.0.7
Check: package dependencies
Result: NOTE
    Packages suggested but not available for checking:
     'RGtk2', 'gWidgets2RGtk2'
Flavors: r-devel-linux-x86_64-debian-clang, r-devel-linux-x86_64-debian-gcc, r-devel-linux-x86_64-fedora-clang, r-devel-linux-x86_64-fedora-gcc, r-patched-linux-x86_64, r-release-linux-x86_64, r-release-macos-arm64, r-release-macos-x86_64, r-oldrel-macos-arm64

Version: 1.0.7
Check: HTML version of manual
Result: NOTE
    Found the following math rendering problems:
    TopKListsGUI.Rd:43: Can't use function '$' in math mode in p=1,2,\ldots$, $L-1
    aggmap.Rd:8: Can't use function '$' in math mode in p=1,2,\ldots$, $L-1
Flavors: r-devel-linux-x86_64-debian-clang, r-devel-linux-x86_64-debian-gcc