Last updated on 2024-04-24 11:21:08 CEST.
Flavor | Version | Tinstall | Tcheck | Ttotal | Status | Flags |
---|---|---|---|---|---|---|
r-devel-linux-x86_64-debian-clang | 0.1.1 | 5.79 | 44.60 | 50.39 | OK | |
r-devel-linux-x86_64-debian-gcc | 0.1.1 | 3.59 | 34.04 | 37.63 | OK | |
r-devel-linux-x86_64-fedora-clang | 0.1.1 | 65.61 | NOTE | |||
r-devel-linux-x86_64-fedora-gcc | 0.1.1 | 60.36 | OK | |||
r-devel-windows-x86_64 | 0.1.1 | 7.00 | 73.00 | 80.00 | OK | |
r-patched-linux-x86_64 | 0.1.0 | 3.57 | 37.86 | 41.43 | OK | |
r-release-linux-x86_64 | 0.1.0 | 3.42 | 37.45 | 40.87 | OK | |
r-release-macos-arm64 | 0.1.1 | 27.00 | OK | |||
r-release-macos-x86_64 | 0.1.1 | 57.00 | OK | |||
r-release-windows-x86_64 | 0.1.1 | 5.00 | 61.00 | 66.00 | OK | |
r-oldrel-macos-arm64 | 0.1.0 | 21.00 | OK | |||
r-oldrel-macos-x86_64 | 0.1.1 | 49.00 | OK | |||
r-oldrel-windows-x86_64 | 0.1.0 | 6.00 | 57.00 | 63.00 | OK |
Version: 0.1.1
Check: Rd cross-references
Result: NOTE
Undeclared package ‘units’ in Rd xrefs
Flavor: r-devel-linux-x86_64-fedora-clang