Last updated on 2025-04-29 12:52:52 CEST.
Flavor | Version | Tinstall | Tcheck | Ttotal | Status | Flags |
---|---|---|---|---|---|---|
r-devel-linux-x86_64-debian-clang | 0.2.0 | 1.62 | 17.55 | 19.17 | NOTE | |
r-devel-linux-x86_64-debian-gcc | 0.2.0 | 1.20 | 14.87 | 16.07 | NOTE | |
r-devel-linux-x86_64-fedora-clang | 0.2.0 | 30.01 | OK | |||
r-devel-linux-x86_64-fedora-gcc | 0.2.0 | 28.70 | OK | |||
r-devel-windows-x86_64 | 0.2.0 | 3.00 | 43.00 | 46.00 | OK | |
r-patched-linux-x86_64 | 0.2.0 | 1.72 | 17.20 | 18.92 | OK | |
r-release-linux-x86_64 | 0.2.0 | 1.44 | 17.12 | 18.56 | OK | |
r-release-macos-arm64 | 0.2.0 | 16.00 | OK | |||
r-release-macos-x86_64 | 0.2.0 | 24.00 | OK | |||
r-release-windows-x86_64 | 0.2.0 | 5.00 | 43.00 | 48.00 | OK | |
r-oldrel-macos-arm64 | 0.2.0 | 14.00 | NOTE | |||
r-oldrel-macos-x86_64 | 0.2.0 | 20.00 | NOTE | |||
r-oldrel-windows-x86_64 | 0.2.0 | 2.00 | 41.00 | 43.00 | NOTE |
Version: 0.2.0
Check: CRAN incoming feasibility
Result: NOTE
Maintainer: ‘Francisco Jablinski Castelhano <fjcastelhano@gmail.com>’
No Authors@R field in DESCRIPTION.
Please add one, modifying
Authors@R: c(person(given = c("Francisco", "Jablinski", "Castelhano/Laboclima", "-", "Universidade", "Federal", "do"),
family = "Paraná",
role = "aut"),
person(given = c("Francisco", "Jablinski"),
family = "Castelhano",
role = "cre",
email = "fjcastelhano@gmail.com"))
as necessary.
Flavors: r-devel-linux-x86_64-debian-clang, r-devel-linux-x86_64-debian-gcc
Version: 0.2.0
Check: LazyData
Result: NOTE
'LazyData' is specified without a 'data' directory
Flavors: r-oldrel-macos-arm64, r-oldrel-macos-x86_64, r-oldrel-windows-x86_64