CRAN Package Check Results for Package TextForecast

Last updated on 2025-09-30 12:51:57 CEST.

Flavor Version Tinstall Tcheck Ttotal Status Flags
r-devel-linux-x86_64-debian-clang 0.1.3 13.27 124.25 137.52 OK
r-devel-linux-x86_64-debian-gcc 0.1.3 9.53 93.27 102.80 OK
r-devel-linux-x86_64-fedora-clang 0.1.3 212.24 NOTE
r-devel-linux-x86_64-fedora-gcc 0.1.3 214.22 NOTE
r-devel-windows-x86_64 0.1.3 17.00 124.00 141.00 OK
r-patched-linux-x86_64 0.1.3 13.13 119.67 132.80 OK
r-release-linux-x86_64 0.1.3 13.09 120.08 133.17 OK
r-release-macos-arm64 0.1.3 66.00 OK
r-release-macos-x86_64 0.1.3 136.00 OK
r-release-windows-x86_64 0.1.3 17.00 119.00 136.00 OK
r-oldrel-macos-arm64 0.1.3 64.00 OK
r-oldrel-macos-x86_64 0.1.3 96.00 OK
r-oldrel-windows-x86_64 0.1.3 20.00 158.00 178.00 OK

Check Details

Version: 0.1.3
Check: dependencies in R code
Result: NOTE Namespaces in Imports field not imported from: ‘doParallel’ ‘forecast’ ‘parallel’ ‘tidyr’ All declared Imports should be used. Flavors: r-devel-linux-x86_64-fedora-clang, r-devel-linux-x86_64-fedora-gcc