CRAN Package Check Results for Package TestingSimilarity

Last updated on 2022-07-05 11:50:06 CEST.

Flavor Version Tinstall Tcheck Ttotal Status Flags
r-devel-linux-x86_64-debian-clang 1.1 1.93 30.96 32.89 NOTE
r-devel-linux-x86_64-debian-gcc 1.1 2.21 24.03 26.24 NOTE
r-devel-linux-x86_64-fedora-clang 1.1 51.22 NOTE
r-devel-linux-x86_64-fedora-gcc 1.1 50.19 NOTE
r-devel-windows-x86_64 1.1 36.00 56.00 92.00 NOTE
r-patched-linux-x86_64 1.1 2.33 30.19 32.52 NOTE
r-release-linux-x86_64 1.1 2.70 30.65 33.35 NOTE
r-release-macos-arm64 1.1 16.00 NOTE
r-release-macos-x86_64 1.1 24.00 NOTE
r-release-windows-x86_64 1.1 31.00 56.00 87.00 NOTE
r-oldrel-macos-arm64 1.1 22.00 NOTE
r-oldrel-macos-x86_64 1.1 30.00 NOTE
r-oldrel-windows-ix86+x86_64 1.1 7.00 50.00 57.00 NOTE

Check Details

Version: 1.1
Check: LazyData
Result: NOTE
     'LazyData' is specified without a 'data' directory
Flavors: r-devel-linux-x86_64-debian-clang, r-devel-linux-x86_64-debian-gcc, r-devel-linux-x86_64-fedora-clang, r-devel-linux-x86_64-fedora-gcc, r-devel-windows-x86_64, r-patched-linux-x86_64, r-release-linux-x86_64, r-release-macos-arm64, r-release-macos-x86_64, r-release-windows-x86_64, r-oldrel-macos-arm64, r-oldrel-macos-x86_64, r-oldrel-windows-ix86+x86_64