Last updated on 2022-07-01 11:52:13 CEST.
Flavor | Version | Tinstall | Tcheck | Ttotal | Status | Flags |
---|---|---|---|---|---|---|
r-devel-linux-x86_64-debian-clang | 1.3.3 | 93.77 | 248.49 | 342.26 | NOTE | |
r-devel-linux-x86_64-debian-gcc | 1.3.3 | 76.48 | 182.47 | 258.95 | NOTE | |
r-devel-linux-x86_64-fedora-clang | 1.3.3 | 477.97 | NOTE | |||
r-devel-linux-x86_64-fedora-gcc | 1.3.3 | 461.45 | NOTE | |||
r-devel-windows-x86_64 | 1.3.3 | 263.00 | 455.00 | 718.00 | NOTE | |
r-patched-linux-x86_64 | 1.3.3 | 87.41 | 242.12 | 329.53 | NOTE | |
r-release-linux-x86_64 | 1.3.3 | 72.91 | 242.65 | 315.56 | NOTE | |
r-release-macos-arm64 | 1.3.3 | 134.00 | NOTE | |||
r-release-macos-x86_64 | 1.3.3 | 159.00 | NOTE | |||
r-release-windows-x86_64 | 1.3.3 | 228.00 | 319.00 | 547.00 | NOTE | |
r-oldrel-macos-arm64 | 1.3.3 | 121.00 | NOTE | |||
r-oldrel-macos-x86_64 | 1.3.3 | 155.00 | NOTE | |||
r-oldrel-windows-ix86+x86_64 | 1.3.3 | 249.00 | 535.00 | 784.00 | NOTE |
Version: 1.3.3
Check: package dependencies
Result: NOTE
Package suggested but not available for checking: 'gurobi'
Flavors: r-devel-linux-x86_64-debian-clang, r-devel-linux-x86_64-debian-gcc, r-devel-linux-x86_64-fedora-clang, r-devel-linux-x86_64-fedora-gcc, r-devel-windows-x86_64, r-patched-linux-x86_64, r-release-linux-x86_64, r-release-macos-arm64, r-release-macos-x86_64, r-release-windows-x86_64, r-oldrel-macos-arm64, r-oldrel-macos-x86_64, r-oldrel-windows-ix86+x86_64
Version: 1.3.3
Check: installed package size
Result: NOTE
installed size is 6.0Mb
sub-directories of 1Mb or more:
libs 3.7Mb
Flavors: r-release-macos-arm64, r-release-macos-x86_64, r-oldrel-macos-arm64, r-oldrel-macos-x86_64