Last updated on 2023-12-06 11:52:42 CET.
Flavor | Version | Tinstall | Tcheck | Ttotal | Status | Flags |
---|---|---|---|---|---|---|
r-devel-linux-x86_64-debian-clang | 1.1.1 | 9.90 | 66.59 | 76.49 | OK | |
r-devel-linux-x86_64-debian-gcc | 1.1.1 | 9.02 | 52.22 | 61.24 | OK | |
r-devel-linux-x86_64-fedora-clang | 1.1.1 | 97.74 | NOTE | |||
r-devel-linux-x86_64-fedora-gcc | 1.1.1 | 94.05 | NOTE | |||
r-devel-windows-x86_64 | 1.1.1 | 10.00 | 73.00 | 83.00 | OK | |
r-patched-linux-x86_64 | 1.1.1 | 10.50 | 67.25 | 77.75 | OK | |
r-release-linux-x86_64 | 1.1.1 | 9.28 | 64.60 | 73.88 | OK | |
r-release-macos-arm64 | 1.1.1 | 38.00 | OK | |||
r-release-macos-x86_64 | 1.1.1 | 68.00 | OK | |||
r-release-windows-x86_64 | 1.1.1 | 10.00 | 86.00 | 96.00 | OK | |
r-oldrel-macos-arm64 | 1.1.1 | 40.00 | OK | |||
r-oldrel-macos-x86_64 | 1.1.1 | 51.00 | NOTE | |||
r-oldrel-windows-x86_64 | 1.1.1 | 14.00 | 131.00 | 145.00 | OK |
Version: 1.1.1
Check: dependencies in R code
Result: NOTE
Namespace in Imports field not imported from: ‘utils’
All declared Imports should be used.
Flavors: r-devel-linux-x86_64-fedora-clang, r-devel-linux-x86_64-fedora-gcc, r-oldrel-macos-x86_64