Last updated on 2022-06-27 11:50:57 CEST.
Flavor | Version | Tinstall | Tcheck | Ttotal | Status | Flags |
---|---|---|---|---|---|---|
r-devel-linux-x86_64-debian-clang | 2.0.4 | 5.03 | 210.03 | 215.06 | OK | |
r-devel-linux-x86_64-debian-gcc | 2.0.4 | 3.53 | 153.55 | 157.08 | OK | |
r-devel-linux-x86_64-fedora-clang | 2.0.4 | 248.10 | NOTE | |||
r-devel-linux-x86_64-fedora-gcc | 2.0.4 | 251.23 | NOTE | |||
r-devel-windows-x86_64 | 2.0.4 | 16.00 | 228.00 | 244.00 | OK | |
r-patched-linux-x86_64 | 2.0.4 | 2.91 | 193.89 | 196.80 | OK | |
r-release-linux-x86_64 | 2.0.4 | 3.05 | 196.06 | 199.11 | OK | |
r-release-macos-arm64 | 2.0.4 | 65.00 | NOTE | |||
r-release-macos-x86_64 | 2.0.4 | 125.00 | NOTE | |||
r-release-windows-x86_64 | 2.0.4 | 21.00 | 479.00 | 500.00 | OK | |
r-oldrel-macos-arm64 | 2.0.4 | 87.00 | NOTE | |||
r-oldrel-macos-x86_64 | 2.0.4 | 117.00 | NOTE | |||
r-oldrel-windows-ix86+x86_64 | 2.0.4 | 10.00 | 328.00 | 338.00 | OK |
Version: 2.0.4
Check: dependencies in R code
Result: NOTE
Namespace in Imports field not imported from: ‘graphics’
All declared Imports should be used.
Flavors: r-devel-linux-x86_64-fedora-clang, r-devel-linux-x86_64-fedora-gcc, r-release-macos-arm64, r-release-macos-x86_64, r-oldrel-macos-arm64, r-oldrel-macos-x86_64