Last updated on 2024-08-31 11:49:41 CEST.
Flavor | Version | Tinstall | Tcheck | Ttotal | Status | Flags |
---|---|---|---|---|---|---|
r-devel-linux-x86_64-debian-clang | 2.4 | 28.97 | 225.00 | 253.97 | OK | |
r-devel-linux-x86_64-debian-gcc | 2.4 | 21.90 | 155.96 | 177.86 | OK | |
r-devel-linux-x86_64-fedora-clang | 2.4 | 398.33 | OK | |||
r-devel-linux-x86_64-fedora-gcc | 2.4 | 382.38 | OK | |||
r-devel-windows-x86_64 | 2.4 | 26.00 | 192.00 | 218.00 | OK | |
r-patched-linux-x86_64 | 2.4 | 26.14 | 209.25 | 235.39 | OK | |
r-release-linux-x86_64 | 2.4 | 27.31 | 206.36 | 233.67 | OK | |
r-release-macos-arm64 | 2.4 | 105.00 | OK | |||
r-release-macos-x86_64 | 2.4 | 163.00 | OK | |||
r-release-windows-x86_64 | 2.4 | 27.00 | 206.00 | 233.00 | OK | |
r-oldrel-macos-arm64 | 2.4 | 10.00 | ERROR | |||
r-oldrel-macos-x86_64 | 2.4 | 11.00 | ERROR | |||
r-oldrel-windows-x86_64 | 2.4 | 36.00 | 258.00 | 294.00 | OK |
Version: 2.4
Check: package dependencies
Result: ERROR
Package required but not available: ‘microbiome’
See section ‘The DESCRIPTION file’ in the ‘Writing R Extensions’
manual.
Flavors: r-oldrel-macos-arm64, r-oldrel-macos-x86_64