CRAN Package Check Results for Package TSstudio

Last updated on 2022-06-28 12:52:40 CEST.

Flavor Version Tinstall Tcheck Ttotal Status Flags
r-devel-linux-x86_64-debian-clang 0.1.6 11.97 90.51 102.48 OK
r-devel-linux-x86_64-debian-gcc 0.1.6 7.91 66.85 74.76 OK
r-devel-linux-x86_64-fedora-clang 0.1.6 126.47 NOTE
r-devel-linux-x86_64-fedora-gcc 0.1.6 126.58 NOTE
r-devel-windows-x86_64 0.1.6 44.00 122.00 166.00 OK
r-patched-linux-x86_64 0.1.6 8.56 88.42 96.98 OK
r-release-linux-x86_64 0.1.6 7.01 87.20 94.21 OK
r-release-macos-arm64 0.1.6 37.00 NOTE
r-release-macos-x86_64 0.1.6 62.00 NOTE
r-release-windows-x86_64 0.1.6 47.00 139.00 186.00 OK
r-oldrel-macos-arm64 0.1.6 528.00 NOTE
r-oldrel-macos-x86_64 0.1.6 57.00 NOTE
r-oldrel-windows-ix86+x86_64 0.1.6 19.00 252.00 271.00 OK

Check Details

Version: 0.1.6
Check: dependencies in R code
Result: NOTE
    Namespace in Imports field not imported from: ‘forecastHybrid’
     All declared Imports should be used.
Flavors: r-devel-linux-x86_64-fedora-clang, r-devel-linux-x86_64-fedora-gcc, r-release-macos-arm64, r-release-macos-x86_64, r-oldrel-macos-arm64, r-oldrel-macos-x86_64