CRAN Package Check Results for Package TSdisaggregation

Last updated on 2022-10-07 12:55:18 CEST.

Flavor Version Tinstall Tcheck Ttotal Status Flags
r-devel-linux-x86_64-debian-clang 2.0.0 8.68 71.45 80.13 NOTE
r-devel-linux-x86_64-debian-gcc 2.0.0 6.62 53.88 60.50 NOTE
r-devel-linux-x86_64-fedora-clang 2.0.0 111.31 NOTE
r-devel-linux-x86_64-fedora-gcc 2.0.0 108.86 NOTE
r-devel-windows-x86_64 2.0.0 16.00 116.00 132.00 NOTE
r-patched-linux-x86_64 2.0.0 6.36 66.46 72.82 OK
r-release-linux-x86_64 2.0.0 7.58 66.32 73.90 OK
r-release-macos-arm64 2.0.0 33.00 OK
r-release-macos-x86_64 2.0.0 47.00 OK
r-release-windows-x86_64 2.0.0 25.00 117.00 142.00 OK
r-oldrel-macos-arm64 2.0.0 32.00 OK
r-oldrel-macos-x86_64 2.0.0 43.00 OK
r-oldrel-windows-ix86+x86_64 2.0.0 18.00 206.00 224.00 OK

Check Details

Version: 2.0.0
Check: Rd files
Result: NOTE
    checkRd: (-1) TempDisaggDGP.Rd:79: Escaped LaTeX specials: \&
    checkRd: (-1) disaggregate.Rd:56: Escaped LaTeX specials: \&
Flavors: r-devel-linux-x86_64-debian-clang, r-devel-linux-x86_64-debian-gcc, r-devel-linux-x86_64-fedora-clang, r-devel-linux-x86_64-fedora-gcc, r-devel-windows-x86_64