Last updated on 2023-10-01 12:00:53 CEST.
Flavor | Version | Tinstall | Tcheck | Ttotal | Status | Flags |
---|---|---|---|---|---|---|
r-devel-linux-x86_64-debian-clang | 1.3.4-4 | 20.65 | 56.94 | 77.59 | WARN | |
r-devel-linux-x86_64-debian-gcc | 1.3.4-5 | 17.22 | 43.69 | 60.91 | OK | |
r-devel-linux-x86_64-fedora-clang | 1.3.4-5 | 108.60 | OK | |||
r-devel-linux-x86_64-fedora-gcc | 1.3.4-5 | 106.64 | OK | |||
r-devel-windows-x86_64 | 1.3.4-5 | 30.00 | 141.00 | 171.00 | OK | |
r-patched-linux-x86_64 | 1.3.4-4 | 23.88 | 56.34 | 80.22 | OK | |
r-release-linux-x86_64 | 1.3.4-4 | 22.56 | 57.11 | 79.67 | OK | |
r-release-macos-arm64 | 1.3.4-5 | 41.00 | OK | |||
r-release-macos-x86_64 | 1.3.4-5 | 74.00 | OK | |||
r-release-windows-x86_64 | 1.3.4-5 | 39.00 | 90.00 | 129.00 | OK | |
r-oldrel-macos-arm64 | 1.3.4-5 | 43.00 | OK | |||
r-oldrel-macos-x86_64 | 1.3.4-4 | 53.00 | OK | |||
r-oldrel-windows-x86_64 | 1.3.4-4 | 36.00 | 138.00 | 174.00 | OK |
Version: 1.3.4-4
Check: usage of KIND in Fortran files
Result: WARN
Found the following file with non-portable usage of KIND:
marspcf.f
For details set environment variable _R_CHECK_FORTRAN_KIND_DETAILS_ to
a true value.
Flavor: r-devel-linux-x86_64-debian-clang