Last updated on 2025-05-10 12:49:57 CEST.
Flavor | Version | Tinstall | Tcheck | Ttotal | Status | Flags |
---|---|---|---|---|---|---|
r-devel-linux-x86_64-debian-clang | 0.2.2 | 2.73 | 25.01 | 27.74 | NOTE | |
r-devel-linux-x86_64-debian-gcc | 0.2.2 | 2.12 | 20.13 | 22.25 | NOTE | |
r-devel-linux-x86_64-fedora-clang | 0.2.2 | 42.45 | OK | |||
r-devel-linux-x86_64-fedora-gcc | 0.2.2 | 41.25 | OK | |||
r-devel-windows-x86_64 | 0.2.2 | 4.00 | 69.00 | 73.00 | OK | |
r-patched-linux-x86_64 | 0.2.2 | 2.59 | 24.44 | 27.03 | OK | |
r-release-linux-x86_64 | 0.2.2 | 2.09 | 24.09 | 26.18 | OK | |
r-release-macos-arm64 | 0.2.2 | 21.00 | OK | |||
r-release-macos-x86_64 | 0.2.2 | 32.00 | OK | |||
r-release-windows-x86_64 | 0.2.2 | 4.00 | 48.00 | 52.00 | OK | |
r-oldrel-macos-arm64 | 0.2.2 | 18.00 | OK | |||
r-oldrel-macos-x86_64 | 0.2.2 | 27.00 | OK | |||
r-oldrel-windows-x86_64 | 0.2.2 | 5.00 | 95.00 | 100.00 | OK |
Version: 0.2.2
Check: CRAN incoming feasibility
Result: NOTE
Maintainer: ‘Ali Saeb <ali.saeb@gmail.com>’
No Authors@R field in DESCRIPTION.
Please add one, modifying
Authors@R: person(given = "Ali",
family = "Saeb",
role = c("aut", "cre"),
email = "ali.saeb@gmail.com")
as necessary.
Flavors: r-devel-linux-x86_64-debian-clang, r-devel-linux-x86_64-debian-gcc