CRAN Package Check Results for Package TSEind

Last updated on 2023-11-30 10:49:05 CET.

Flavor Version Tinstall Tcheck Ttotal Status Flags
r-devel-linux-x86_64-debian-clang 0.1.0 2.24 23.68 25.92 OK
r-devel-linux-x86_64-debian-gcc 0.1.0 2.16 18.63 20.79 OK
r-devel-linux-x86_64-fedora-clang 0.1.0 32.98 NOTE
r-devel-linux-x86_64-fedora-gcc 0.1.0 31.73 NOTE
r-devel-windows-x86_64 0.1.0 4.00 42.00 46.00 OK
r-patched-linux-x86_64 0.1.0 2.95 23.41 26.36 OK
r-release-linux-x86_64 0.1.0 2.39 23.32 25.71 OK
r-release-macos-arm64 0.1.0 16.00 OK
r-release-macos-x86_64 0.1.0 21.00 OK
r-release-windows-x86_64 0.1.0 3.00 40.00 43.00 OK
r-oldrel-macos-arm64 0.1.0 16.00 OK
r-oldrel-macos-x86_64 0.1.0 20.00 NOTE
r-oldrel-windows-x86_64 0.1.0 4.00 153.00 157.00 OK

Check Details

Version: 0.1.0
Check: dependencies in R code
Result: NOTE Namespace in Imports field not imported from: ‘stats’ All declared Imports should be used. Flavors: r-devel-linux-x86_64-fedora-clang, r-devel-linux-x86_64-fedora-gcc, r-oldrel-macos-x86_64