Last updated on 2024-04-18 12:53:05 CEST.
Flavor | Version | Tinstall | Tcheck | Ttotal | Status | Flags |
---|---|---|---|---|---|---|
r-devel-linux-x86_64-debian-clang | 1.0.7 | 17.94 | 113.97 | 131.91 | NOTE | |
r-devel-linux-x86_64-debian-gcc | 1.0.7 | 12.74 | 84.73 | 97.47 | NOTE | |
r-devel-linux-x86_64-fedora-clang | 1.0.7 | 159.48 | NOTE | |||
r-devel-linux-x86_64-fedora-gcc | 1.0.7 | 153.09 | NOTE | |||
r-prerel-macos-arm64 | 1.0.7 | 43.00 | NOTE | |||
r-prerel-windows-x86_64 | 1.0.7 | 16.00 | 103.00 | 119.00 | NOTE | |
r-patched-linux-x86_64 | 1.0.7 | 13.63 | 108.48 | 122.11 | NOTE | |
r-release-linux-x86_64 | 1.0.7 | 18.34 | 113.03 | 131.37 | OK | |
r-release-macos-arm64 | 1.0.7 | 46.00 | OK | |||
r-release-macos-x86_64 | 1.0.7 | 82.00 | OK | |||
r-release-windows-x86_64 | 1.0.7 | 19.00 | 130.00 | 149.00 | OK | |
r-oldrel-macos-arm64 | 1.0.7 | 38.00 | OK | |||
r-oldrel-windows-x86_64 | 1.0.7 | 21.00 | 126.00 | 147.00 | OK |
Version: 1.0.7
Check: Rd files
Result: NOTE
checkRd: (-1) binary_transform.Rd:16: Lost braces; missing escapes or markup?
16 | Converts any variable with two possible values to a {0,1} binary
| ^
checkRd: (-1) binary_transform.Rd:13: Lost braces; missing escapes or markup?
13 | A vector with values in {0,1}.
| ^
Flavors: r-devel-linux-x86_64-debian-clang, r-devel-linux-x86_64-debian-gcc, r-devel-linux-x86_64-fedora-clang, r-devel-linux-x86_64-fedora-gcc, r-prerel-macos-arm64, r-prerel-windows-x86_64, r-patched-linux-x86_64