CRAN Package Check Results for Package TPmsm

Last updated on 2024-05-28 11:54:21 CEST.

Flavor Version Tinstall Tcheck Ttotal Status Flags
r-devel-linux-x86_64-debian-clang 1.2.12 19.00 160.46 179.46 OK
r-devel-linux-x86_64-debian-gcc 1.2.12 15.84 144.01 159.85 WARN
r-devel-linux-x86_64-fedora-clang 1.2.12 269.45 OK
r-devel-linux-x86_64-fedora-gcc 1.2.12 296.78 OK
r-devel-windows-x86_64 1.2.12 28.00 300.00 328.00 OK
r-patched-linux-x86_64 1.2.12 19.45 194.04 213.49 OK
r-release-linux-x86_64 1.2.12 18.27 192.12 210.39 OK
r-release-macos-arm64 1.2.12 85.00 OK
r-release-windows-x86_64 1.2.12 27.00 286.00 313.00 OK
r-oldrel-macos-arm64 1.2.12 100.00 OK
r-oldrel-macos-x86_64 1.2.12 234.00 OK
r-oldrel-windows-x86_64 1.2.12 27.00 269.00 296.00 OK

Check Details

Version: 1.2.12
Check: re-building of vignette outputs
Result: WARN Error(s) in re-building vignettes: ... --- re-building ‘TPmsm.Rnw’ using knitr Error: processing vignette 'TPmsm.Rnw' failed with diagnostics: Running 'texi2dvi' on 'TPmsm.tex' failed. LaTeX errors: ! Undefined control sequence. l.748 \hlkwd{library}\hldef {(}\hlsng{"TPmsm"}\hldef{);} ? ! Emergency stop. ! Emergency stop. l.748 End of file on the terminal! ! ==> Fatal error occurred, no output PDF file produced! --- failed re-building ‘TPmsm.Rnw’ SUMMARY: processing the following file failed: ‘TPmsm.Rnw’ Error: Vignette re-building failed. Execution halted Flavor: r-devel-linux-x86_64-debian-gcc