Last updated on 2023-01-27 11:49:41 CET.
Flavor | Version | Tinstall | Tcheck | Ttotal | Status | Flags |
---|---|---|---|---|---|---|
r-devel-linux-x86_64-debian-clang | 1.0.4 | 31.56 | 88.16 | 119.72 | OK | |
r-devel-linux-x86_64-debian-gcc | 1.0.4 | 25.73 | 65.15 | 90.88 | OK | |
r-devel-linux-x86_64-fedora-clang | 1.0.4 | 145.81 | OK | |||
r-devel-linux-x86_64-fedora-gcc | 1.0.4 | 155.78 | OK | |||
r-devel-windows-x86_64 | 1.0.4 | 40.00 | 260.00 | 300.00 | OK | |
r-patched-linux-x86_64 | 1.0.4 | 29.15 | 83.70 | 112.85 | OK | |
r-release-linux-x86_64 | 1.0.4 | 26.27 | 80.30 | 106.57 | OK | |
r-release-macos-arm64 | 1.0.4 | 63.00 | NOTE | |||
r-release-macos-x86_64 | 1.0.4 | 73.00 | OK | |||
r-release-windows-x86_64 | 1.0.4 | 36.00 | 259.00 | 295.00 | OK | |
r-oldrel-macos-arm64 | 1.0.4 | 67.00 | NOTE | |||
r-oldrel-macos-x86_64 | 1.0.4 | 74.00 | OK | |||
r-oldrel-windows-ix86+x86_64 | 1.0.4 | 55.00 | 328.00 | 383.00 | OK |
Version: 1.0.4
Check: installed package size
Result: NOTE
installed size is 5.3Mb
sub-directories of 1Mb or more:
data 5.1Mb
Flavors: r-release-macos-arm64, r-oldrel-macos-arm64