Last updated on 2025-04-29 12:52:52 CEST.
Flavor | Version | Tinstall | Tcheck | Ttotal | Status | Flags |
---|---|---|---|---|---|---|
r-devel-linux-x86_64-debian-clang | 1.0.0 | 2.26 | 33.39 | 35.65 | NOTE | |
r-devel-linux-x86_64-debian-gcc | 1.0.0 | 1.83 | 22.77 | 24.60 | NOTE | |
r-devel-linux-x86_64-fedora-clang | 1.0.0 | 55.04 | OK | |||
r-devel-linux-x86_64-fedora-gcc | 1.0.0 | 54.05 | OK | |||
r-devel-windows-x86_64 | 1.0.0 | 3.00 | 181.00 | 184.00 | OK | |
r-patched-linux-x86_64 | 1.0.0 | 2.14 | 31.22 | 33.36 | OK | |
r-release-linux-x86_64 | 1.0.0 | 2.30 | 31.15 | 33.45 | OK | |
r-release-macos-arm64 | 1.0.0 | 21.00 | OK | |||
r-release-macos-x86_64 | 1.0.0 | 34.00 | OK | |||
r-release-windows-x86_64 | 1.0.0 | 4.00 | 242.00 | 246.00 | OK | |
r-oldrel-macos-arm64 | 1.0.0 | 20.00 | OK | |||
r-oldrel-macos-x86_64 | 1.0.0 | 27.00 | OK | |||
r-oldrel-windows-x86_64 | 1.0.0 | 4.00 | 141.00 | 145.00 | OK |
Version: 1.0.0
Check: CRAN incoming feasibility
Result: NOTE
Maintainer: ‘Alessio Locallo <alessio.locallo@gmail.com>’
No Authors@R field in DESCRIPTION.
Please add one, modifying
Authors@R: c(person(given = "Alessio",
family = "Locallo",
role = c("aut", "cre"),
email = "alessio.locallo@gmail.com"),
person(given = "Davide",
family = "Prandi",
role = "aut",
email = "davide.prandi@unitn.it"),
person(given = "Francesca",
family = "Demichelis",
role = "aut",
email = "f.demichelis@unitn.it"))
as necessary.
Flavors: r-devel-linux-x86_64-debian-clang, r-devel-linux-x86_64-debian-gcc
Version: 1.0.0
Check: examples
Result: NOTE
Examples with CPU (user + system) or elapsed time > 5s
user system elapsed
TPES_report 6.936 0.011 9.954
TPES_purity 6.751 0.145 9.271
Flavor: r-devel-linux-x86_64-debian-clang