CRAN Package Check Results for Package TPACData

Last updated on 2024-04-18 12:53:05 CEST.

Flavor Version Tinstall Tcheck Ttotal Status Flags
r-devel-linux-x86_64-debian-clang 0.1.0 11.38 22.28 33.66 OK
r-devel-linux-x86_64-debian-gcc 0.1.0 10.32 17.55 27.87 OK
r-devel-linux-x86_64-fedora-clang 0.1.0 44.67 NOTE
r-devel-linux-x86_64-fedora-gcc 0.1.0 44.42 OK
r-prerel-macos-arm64 0.1.0 22.00 NOTE
r-prerel-windows-x86_64 0.1.0 10.00 37.00 47.00 NOTE
r-patched-linux-x86_64 0.1.0 11.51 21.75 33.26 OK
r-release-linux-x86_64 0.1.0 10.57 21.10 31.67 OK
r-release-macos-arm64 0.1.0 26.00 NOTE
r-release-macos-x86_64 0.1.0 53.00 NOTE
r-release-windows-x86_64 0.1.0 10.00 37.00 47.00 NOTE
r-oldrel-macos-arm64 0.1.0 28.00 NOTE
r-oldrel-windows-x86_64 0.1.0 14.00 41.00 55.00 NOTE

Check Details

Version: 0.1.0
Check: installed package size
Result: NOTE installed size is 12.1Mb sub-directories of 1Mb or more: data 12.0Mb Flavors: r-devel-linux-x86_64-fedora-clang, r-prerel-macos-arm64, r-prerel-windows-x86_64, r-release-macos-arm64, r-release-macos-x86_64, r-release-windows-x86_64, r-oldrel-macos-arm64, r-oldrel-windows-x86_64