CRAN Package Check Results for Package TOmicsVis

Last updated on 2024-04-23 10:54:20 CEST.

Flavor Version Tinstall Tcheck Ttotal Status Flags
r-devel-linux-x86_64-debian-clang 2.0.0 0.79 2.48 3.27 ERROR
r-devel-linux-x86_64-debian-gcc 2.0.0 32.75 487.25 520.00 OK
r-devel-linux-x86_64-fedora-clang 2.0.0 902.63 NOTE
r-devel-linux-x86_64-fedora-gcc 2.0.0 856.16 OK
r-prerel-macos-arm64 2.0.0 296.00 NOTE
r-prerel-macos-x86_64 2.0.0 294.00 NOTE
r-prerel-windows-x86_64 2.0.0 47.00 468.00 515.00 NOTE
r-patched-linux-x86_64 2.0.0 38.51 618.26 656.77 OK
r-release-linux-x86_64 2.0.0 41.95 628.03 669.98 OK
r-release-macos-arm64 2.0.0 11.00 ERROR
r-release-macos-x86_64 2.0.0 6.00 ERROR
r-release-windows-x86_64 2.0.0 57.00 636.00 693.00 NOTE
r-oldrel-macos-arm64 2.0.0 11.00 ERROR
r-oldrel-windows-x86_64 2.0.0 59.00 843.00 902.00 NOTE

Check Details

Version: 2.0.0
Check: package dependencies
Result: ERROR Packages required but not available: 'clusterProfiler', 'enrichplot', 'WGCNA' See section ‘The DESCRIPTION file’ in the ‘Writing R Extensions’ manual. Flavor: r-devel-linux-x86_64-debian-clang

Version: 2.0.0
Check: package dependencies
Result: NOTE Imports includes 36 non-default packages. Importing from so many packages makes the package vulnerable to any of them becoming unavailable. Move as many as possible to Suggests and use conditionally. Flavor: r-devel-linux-x86_64-fedora-clang

Version: 2.0.0
Check: installed package size
Result: NOTE installed size is 6.4Mb sub-directories of 1Mb or more: data-tables 1.5Mb doc 2.0Mb help 1.2Mb Flavors: r-devel-linux-x86_64-fedora-clang, r-prerel-macos-arm64, r-prerel-macos-x86_64, r-prerel-windows-x86_64, r-release-windows-x86_64, r-oldrel-windows-x86_64

Version: 2.0.0
Check: package dependencies
Result: ERROR Package required but not available: ‘EnhancedVolcano’ See section ‘The DESCRIPTION file’ in the ‘Writing R Extensions’ manual. Flavors: r-release-macos-arm64, r-release-macos-x86_64

Version: 2.0.0
Check: package dependencies
Result: ERROR Packages required but not available: 'EnhancedVolcano', 'Mfuzz' See section ‘The DESCRIPTION file’ in the ‘Writing R Extensions’ manual. Flavor: r-oldrel-macos-arm64