CRAN Package Check Results for Package TNC

Last updated on 2022-07-07 12:55:37 CEST.

Flavor Version Tinstall Tcheck Ttotal Status Flags
r-devel-linux-x86_64-debian-clang 0.1.0 2.29 26.51 28.80 NOTE
r-devel-linux-x86_64-debian-gcc 0.1.0 2.14 20.31 22.45 NOTE
r-devel-linux-x86_64-fedora-clang 0.1.0 46.18 NOTE
r-devel-linux-x86_64-fedora-gcc 0.1.0 44.82 NOTE
r-devel-windows-x86_64 0.1.0 12.00 51.00 63.00 NOTE
r-patched-linux-x86_64 0.1.0 2.76 25.01 27.77 NOTE
r-release-linux-x86_64 0.1.0 2.45 25.28 27.73 NOTE
r-release-macos-arm64 0.1.0 15.00 NOTE
r-release-macos-x86_64 0.1.0 21.00 NOTE
r-release-windows-x86_64 0.1.0 14.00 52.00 66.00 NOTE
r-oldrel-macos-arm64 0.1.0 18.00 NOTE
r-oldrel-macos-x86_64 0.1.0 29.00 NOTE
r-oldrel-windows-ix86+x86_64 0.1.0 6.00 47.00 53.00 NOTE

Check Details

Version: 0.1.0
Check: LazyData
Result: NOTE
     'LazyData' is specified without a 'data' directory
Flavors: r-devel-linux-x86_64-debian-clang, r-devel-linux-x86_64-debian-gcc, r-devel-linux-x86_64-fedora-clang, r-devel-linux-x86_64-fedora-gcc, r-devel-windows-x86_64, r-patched-linux-x86_64, r-release-linux-x86_64, r-release-macos-arm64, r-release-macos-x86_64, r-release-windows-x86_64, r-oldrel-macos-arm64, r-oldrel-macos-x86_64, r-oldrel-windows-ix86+x86_64