Last updated on 2022-07-01 11:52:13 CEST.
Flavor | Version | Tinstall | Tcheck | Ttotal | Status | Flags |
---|---|---|---|---|---|---|
r-devel-linux-x86_64-debian-clang | 1.9.0 | 73.13 | 86.13 | 159.26 | OK | |
r-devel-linux-x86_64-debian-gcc | 1.9.0 | 64.89 | 65.77 | 130.66 | OK | |
r-devel-linux-x86_64-fedora-clang | 1.9.0 | 226.41 | NOTE | |||
r-devel-linux-x86_64-fedora-gcc | 1.9.0 | 216.78 | OK | |||
r-devel-windows-x86_64 | 1.9.0 | 186.00 | 121.00 | 307.00 | NOTE | |
r-patched-linux-x86_64 | 1.9.0 | 57.05 | 82.90 | 139.95 | OK | |
r-release-linux-x86_64 | 1.9.0 | 61.79 | 84.33 | 146.12 | OK | |
r-release-macos-arm64 | 1.9.0 | 54.00 | NOTE | |||
r-release-macos-x86_64 | 1.9.0 | 79.00 | NOTE | |||
r-release-windows-x86_64 | 1.9.0 | 238.00 | 120.00 | 358.00 | NOTE | |
r-oldrel-macos-arm64 | 1.9.0 | 54.00 | NOTE | |||
r-oldrel-macos-x86_64 | 1.9.0 | 79.00 | NOTE | |||
r-oldrel-windows-ix86+x86_64 | 1.9.0 | 160.00 | 129.00 | 289.00 | NOTE |
Version: 1.9.0
Check: installed package size
Result: NOTE
installed size is 15.2Mb
sub-directories of 1Mb or more:
examples 11.1Mb
include 3.6Mb
Flavors: r-devel-linux-x86_64-fedora-clang, r-devel-windows-x86_64, r-release-macos-arm64, r-release-macos-x86_64, r-release-windows-x86_64, r-oldrel-macos-arm64, r-oldrel-macos-x86_64, r-oldrel-windows-ix86+x86_64