CRAN Package Check Results for Package TIMP

Last updated on 2022-09-25 12:56:10 CEST.

Flavor Version Tinstall Tcheck Ttotal Status Flags
r-devel-linux-x86_64-debian-clang 1.13.2 24.14 184.18 208.32 NOTE
r-devel-linux-x86_64-debian-gcc 1.13.2 19.89 133.45 153.34 NOTE
r-devel-linux-x86_64-fedora-clang 1.13.2 249.90 NOTE
r-devel-linux-x86_64-fedora-gcc 1.13.2 260.43 NOTE
r-devel-windows-x86_64 1.13.2 50.00 204.00 254.00 NOTE
r-patched-linux-x86_64 1.13.2 19.52 171.59 191.11 NOTE
r-release-linux-x86_64 1.13.2 18.26 170.04 188.30 NOTE
r-release-macos-arm64 1.13.2 46.00 OK
r-release-macos-x86_64 1.13.2 122.00 OK
r-release-windows-x86_64 1.13.2 38.00 202.00 240.00 OK
r-oldrel-macos-arm64 1.13.2 63.00 OK
r-oldrel-macos-x86_64 1.13.2 105.00 OK
r-oldrel-windows-ix86+x86_64 1.13.2 44.00 467.00 511.00 OK

Check Details

Version: 1.13.2
Check: Rd files
Result: NOTE
    checkRd: (-1) dat-class.Rd:47: Escaped LaTeX specials: \_
    checkRd: (-1) dat-class.Rd:48: Escaped LaTeX specials: \_
    checkRd: (-1) dat-class.Rd:49: Escaped LaTeX specials: \_
    checkRd: (-1) dat-class.Rd:50: Escaped LaTeX specials: \_
Flavors: r-devel-linux-x86_64-debian-clang, r-devel-linux-x86_64-debian-gcc, r-devel-linux-x86_64-fedora-clang, r-devel-linux-x86_64-fedora-gcc, r-devel-windows-x86_64

Version: 1.13.2
Check: for non-standard things in the check directory
Result: NOTE
    Found the following files/directories:
     '_paramEst.txt'
Flavors: r-devel-linux-x86_64-debian-clang, r-devel-linux-x86_64-debian-gcc, r-devel-linux-x86_64-fedora-clang, r-devel-linux-x86_64-fedora-gcc, r-patched-linux-x86_64, r-release-linux-x86_64