CRAN Package Check Results for Package TGST

Last updated on 2023-12-07 11:49:51 CET.

Flavor Version Tinstall Tcheck Ttotal Status Flags
r-devel-linux-x86_64-debian-clang 1.0 5.10 77.00 82.10 OK
r-devel-linux-x86_64-debian-gcc 1.0 4.67 57.87 62.54 OK
r-devel-linux-x86_64-fedora-clang 1.0 101.11 NOTE
r-devel-linux-x86_64-fedora-gcc 1.0 113.86 NOTE
r-devel-windows-x86_64 1.0 7.00 134.00 141.00 OK
r-patched-linux-x86_64 1.0 4.64 73.41 78.05 OK
r-release-linux-x86_64 1.0 6.00 71.13 77.13 OK
r-release-macos-arm64 1.0 44.00 OK
r-release-macos-x86_64 1.0 75.00 OK
r-release-windows-x86_64 1.0 9.00 102.00 111.00 OK
r-oldrel-macos-arm64 1.0 34.00 NOTE
r-oldrel-macos-x86_64 1.0 69.00 NOTE
r-oldrel-windows-x86_64 1.0 9.00 104.00 113.00 OK

Check Details

Version: 1.0
Check: dependencies in R code
Result: NOTE Namespace in Imports field not imported from: ‘knitr’ All declared Imports should be used. Flavors: r-devel-linux-x86_64-fedora-clang, r-devel-linux-x86_64-fedora-gcc, r-oldrel-macos-arm64, r-oldrel-macos-x86_64