CRAN Package Check Results for Package TGS

Last updated on 2022-06-29 11:52:23 CEST.

Flavor Version Tinstall Tcheck Ttotal Status Flags
r-devel-linux-x86_64-debian-clang 1.0.1 3.76 35.75 39.51 NOTE
r-devel-linux-x86_64-debian-gcc 1.0.1 3.19 27.29 30.48 NOTE
r-devel-linux-x86_64-fedora-clang 1.0.1 58.22 NOTE
r-devel-linux-x86_64-fedora-gcc 1.0.1 56.80 NOTE
r-devel-windows-x86_64 1.0.1 39.00 65.00 104.00 NOTE
r-patched-linux-x86_64 1.0.1 4.45 34.26 38.71 NOTE
r-release-linux-x86_64 1.0.1 3.06 34.26 37.32 NOTE
r-release-macos-arm64 1.0.1 21.00 NOTE
r-release-macos-x86_64 1.0.1 26.00 NOTE
r-release-windows-x86_64 1.0.1 30.00 60.00 90.00 NOTE
r-oldrel-macos-arm64 1.0.1 25.00 NOTE
r-oldrel-macos-x86_64 1.0.1 33.00 NOTE
r-oldrel-windows-ix86+x86_64 1.0.1 9.00 53.00 62.00 NOTE

Check Details

Version: 1.0.1
Check: LazyData
Result: NOTE
     'LazyData' is specified without a 'data' directory
Flavors: r-devel-linux-x86_64-debian-clang, r-devel-linux-x86_64-debian-gcc, r-devel-linux-x86_64-fedora-clang, r-devel-linux-x86_64-fedora-gcc, r-devel-windows-x86_64, r-patched-linux-x86_64, r-release-linux-x86_64, r-release-macos-arm64, r-release-macos-x86_64, r-release-windows-x86_64, r-oldrel-macos-arm64, r-oldrel-macos-x86_64, r-oldrel-windows-ix86+x86_64

Version: 1.0.1
Check: dependencies in R code
Result: NOTE
    Namespace in Imports field not imported from: ‘ggm’
     All declared Imports should be used.
Flavors: r-devel-linux-x86_64-fedora-clang, r-devel-linux-x86_64-fedora-gcc, r-release-macos-arm64, r-release-macos-x86_64, r-oldrel-macos-arm64, r-oldrel-macos-x86_64