Last updated on 2022-07-04 12:54:23 CEST.
Flavor | Version | Tinstall | Tcheck | Ttotal | Status | Flags |
---|---|---|---|---|---|---|
r-devel-linux-x86_64-debian-clang | 1.2 | 13.48 | 30.68 | 44.16 | OK | |
r-devel-linux-x86_64-debian-gcc | 1.2 | 10.99 | 23.80 | 34.79 | OK | |
r-devel-linux-x86_64-fedora-clang | 1.2 | 77.12 | NOTE | |||
r-devel-linux-x86_64-fedora-gcc | 1.2 | 63.11 | NOTE | |||
r-devel-windows-x86_64 | 1.2 | 33.00 | 60.00 | 93.00 | OK | |
r-patched-linux-x86_64 | 1.2 | 12.08 | 29.91 | 41.99 | OK | |
r-release-linux-x86_64 | 1.2 | 10.25 | 29.37 | 39.62 | OK | |
r-release-macos-arm64 | 1.2 | 22.00 | OK | |||
r-release-macos-x86_64 | 1.2 | 31.00 | OK | |||
r-release-windows-x86_64 | 1.2 | 27.00 | 59.00 | 86.00 | OK | |
r-oldrel-macos-arm64 | 1.2 | 30.00 | OK | |||
r-oldrel-macos-x86_64 | 1.2 | 37.00 | OK | |||
r-oldrel-windows-ix86+x86_64 | 1.2 | 39.00 | 63.00 | 102.00 | OK |
Version: 1.2
Check: compiled code
Result: NOTE
File ‘TDboost/libs/TDboost.so’:
Found no calls to: ‘R_registerRoutines’, ‘R_useDynamicSymbols’
It is good practice to register native routines and to disable symbol
search.
See ‘Writing portable packages’ in the ‘Writing R Extensions’ manual.
Flavors: r-devel-linux-x86_64-fedora-clang, r-devel-linux-x86_64-fedora-gcc