Last updated on 2025-05-12 13:50:30 CEST.
Flavor | Version | Tinstall | Tcheck | Ttotal | Status | Flags |
---|---|---|---|---|---|---|
r-devel-linux-x86_64-debian-clang | 0.1.41 | 132.99 | 30.49 | 163.48 | OK | |
r-devel-linux-x86_64-debian-gcc | 0.1.41 | 93.31 | 23.67 | 116.98 | OK | |
r-devel-linux-x86_64-fedora-clang | 0.1.41 | 342.57 | OK | |||
r-devel-linux-x86_64-fedora-gcc | 0.1.41 | 355.63 | OK | |||
r-devel-windows-x86_64 | 0.1.41 | 149.00 | 71.00 | 220.00 | OK | |
r-patched-linux-x86_64 | 0.1.41 | 130.01 | 28.25 | 158.26 | OK | |
r-release-linux-x86_64 | 0.1.41 | 128.35 | 28.12 | 156.47 | OK | |
r-release-macos-arm64 | 0.1.41 | 71.00 | OK | |||
r-release-macos-x86_64 | 0.1.41 | 88.00 | OK | |||
r-release-windows-x86_64 | 0.1.41 | 153.00 | 72.00 | 225.00 | OK | |
r-oldrel-macos-arm64 | 0.1.41 | 129.00 | NOTE | |||
r-oldrel-macos-x86_64 | 0.1.41 | 108.00 | NOTE | |||
r-oldrel-windows-x86_64 | 0.1.41 | 176.00 | 84.00 | 260.00 | OK |
Version: 0.1.41
Check: installed package size
Result: NOTE
installed size is 7.4Mb
sub-directories of 1Mb or more:
libs 7.1Mb
Flavors: r-oldrel-macos-arm64, r-oldrel-macos-x86_64