Last updated on 2023-01-31 12:53:52 CET.
Flavor | Version | Tinstall | Tcheck | Ttotal | Status | Flags |
---|---|---|---|---|---|---|
r-devel-linux-x86_64-debian-clang | 0.1.2 | 75.07 | 189.26 | 264.33 | NOTE | |
r-devel-linux-x86_64-debian-gcc | 0.1.2 | 55.58 | 138.37 | 193.95 | NOTE | |
r-devel-linux-x86_64-fedora-clang | 0.1.2 | 341.41 | NOTE | |||
r-devel-linux-x86_64-fedora-gcc | 0.1.2 | 363.71 | NOTE | |||
r-devel-windows-x86_64 | 0.1.2 | 248.00 | 225.00 | 473.00 | NOTE | |
r-patched-linux-x86_64 | 0.1.2 | 61.26 | 183.31 | 244.57 | OK | |
r-release-linux-x86_64 | 0.1.2 | 61.12 | 186.91 | 248.03 | OK | |
r-release-macos-arm64 | 0.1.2 | 81.00 | OK | |||
r-release-macos-x86_64 | 0.1.2 | 136.00 | OK | |||
r-release-windows-x86_64 | 0.1.2 | 81.00 | 477.00 | 558.00 | OK | |
r-oldrel-macos-arm64 | 0.1.2 | 104.00 | OK | |||
r-oldrel-macos-x86_64 | 0.1.2 | 109.00 | OK | |||
r-oldrel-windows-ix86+x86_64 | 0.1.2 | 178.00 | 288.00 | 466.00 | OK |
Version: 0.1.2
Check: C++ specification
Result: NOTE
Specified C++11: please update to current default of C++17
Flavors: r-devel-linux-x86_64-debian-clang, r-devel-linux-x86_64-debian-gcc, r-devel-linux-x86_64-fedora-clang, r-devel-linux-x86_64-fedora-gcc, r-devel-windows-x86_64
Version: 0.1.2
Check: Rd cross-references
Result: NOTE
Undeclared package ‘Rtsne’ in Rd xrefs
Flavor: r-devel-linux-x86_64-fedora-clang