Last updated on 2024-03-29 09:55:38 CET.
Flavor | Version | Tinstall | Tcheck | Ttotal | Status | Flags |
---|---|---|---|---|---|---|
r-devel-linux-x86_64-debian-clang | 1.9.1 | 144.74 | 102.53 | 247.27 | NOTE | |
r-devel-linux-x86_64-debian-gcc | 1.9.1 | 128.05 | 80.22 | 208.27 | NOTE | |
r-devel-linux-x86_64-fedora-clang | 1.9.1 | 329.42 | NOTE | |||
r-devel-linux-x86_64-fedora-gcc | 1.9.1 | 393.42 | NOTE | |||
r-devel-windows-x86_64 | 1.9.1 | 116.00 | 206.00 | 322.00 | NOTE | |
r-patched-linux-x86_64 | 1.9.1 | 156.33 | 105.67 | 262.00 | NOTE | |
r-release-linux-x86_64 | 1.9.1 | 148.47 | 104.29 | 252.76 | NOTE | |
r-release-macos-arm64 | 1.9.1 | 97.00 | NOTE | |||
r-release-macos-x86_64 | 1.9.1 | 266.00 | NOTE | |||
r-release-windows-x86_64 | 1.9.1 | 137.00 | 215.00 | 352.00 | NOTE | |
r-oldrel-macos-arm64 | 1.9.1 | 92.00 | NOTE | |||
r-oldrel-windows-x86_64 | 1.9.1 | 133.00 | 177.00 | 310.00 | NOTE |
Version: 1.9.1
Check: for GNU extensions in Makefiles
Result: NOTE
GNU make is a SystemRequirements.
Flavors: r-devel-linux-x86_64-debian-clang, r-devel-linux-x86_64-debian-gcc, r-devel-linux-x86_64-fedora-clang, r-devel-linux-x86_64-fedora-gcc, r-devel-windows-x86_64, r-patched-linux-x86_64, r-release-linux-x86_64, r-release-macos-arm64, r-release-macos-x86_64, r-release-windows-x86_64, r-oldrel-macos-arm64, r-oldrel-windows-x86_64
Version: 1.9.1
Check: dependencies in R code
Result: NOTE
Namespace in Imports field not imported from: ‘scales’
All declared Imports should be used.
Flavors: r-devel-linux-x86_64-fedora-clang, r-devel-linux-x86_64-fedora-gcc
Version: 1.9.1
Check: installed package size
Result: NOTE
installed size is 33.8Mb
sub-directories of 1Mb or more:
libs 32.6Mb
Flavors: r-release-macos-arm64, r-release-macos-x86_64, r-oldrel-macos-arm64