Last updated on 2022-07-02 12:53:16 CEST.
Flavor | Version | Tinstall | Tcheck | Ttotal | Status | Flags |
---|---|---|---|---|---|---|
r-devel-linux-x86_64-debian-clang | 1.0.6 | 2.62 | 28.61 | 31.23 | NOTE | |
r-devel-linux-x86_64-debian-gcc | 1.0.6 | 2.09 | 22.16 | 24.25 | NOTE | |
r-devel-linux-x86_64-fedora-clang | 1.0.6 | 49.36 | NOTE | |||
r-devel-linux-x86_64-fedora-gcc | 1.0.6 | 47.69 | NOTE | |||
r-devel-windows-x86_64 | 1.0.6 | 32.00 | 62.00 | 94.00 | NOTE | |
r-patched-linux-x86_64 | 1.0.6 | 2.53 | 27.71 | 30.24 | NOTE | |
r-release-linux-x86_64 | 1.0.6 | 1.67 | 27.98 | 29.65 | NOTE | |
r-release-macos-arm64 | 1.0.6 | 19.00 | NOTE | |||
r-release-macos-x86_64 | 1.0.6 | 25.00 | NOTE | |||
r-release-windows-x86_64 | 1.0.6 | 78.00 | 65.00 | 143.00 | NOTE | |
r-oldrel-macos-arm64 | 1.0.6 | 22.00 | NOTE | |||
r-oldrel-macos-x86_64 | 1.0.6 | 30.00 | NOTE | |||
r-oldrel-windows-ix86+x86_64 | 1.0.6 | 6.00 | 52.00 | 58.00 | NOTE |
Version: 1.0.6
Check: LazyData
Result: NOTE
'LazyData' is specified without a 'data' directory
Flavors: r-devel-linux-x86_64-debian-clang, r-devel-linux-x86_64-debian-gcc, r-devel-linux-x86_64-fedora-clang, r-devel-linux-x86_64-fedora-gcc, r-devel-windows-x86_64, r-patched-linux-x86_64, r-release-linux-x86_64, r-release-macos-arm64, r-release-macos-x86_64, r-release-windows-x86_64, r-oldrel-macos-arm64, r-oldrel-macos-x86_64, r-oldrel-windows-ix86+x86_64