CRAN Package Check Results for Package TBRDist

Last updated on 2022-06-28 12:52:39 CEST.

Flavor Version Tinstall Tcheck Ttotal Status Flags
r-devel-linux-x86_64-debian-clang 1.0.2 48.25 131.02 179.27 NOTE
r-devel-linux-x86_64-debian-gcc 1.0.2 39.70 101.38 141.08 NOTE
r-devel-linux-x86_64-fedora-clang 1.0.2 240.33 NOTE
r-devel-linux-x86_64-fedora-gcc 1.0.2 231.20 NOTE
r-devel-windows-x86_64 1.0.2 42.00 183.00 225.00 NOTE
r-patched-linux-x86_64 1.0.2 45.67 129.70 175.37 NOTE
r-release-linux-x86_64 1.0.2 43.19 128.07 171.26 NOTE
r-release-macos-arm64 1.0.2 73.00 NOTE
r-release-macos-x86_64 1.0.2 123.00 NOTE
r-release-windows-x86_64 1.0.2 45.00 182.00 227.00 NOTE
r-oldrel-macos-arm64 1.0.2 80.00 NOTE
r-oldrel-macos-x86_64 1.0.2 127.00 NOTE
r-oldrel-windows-ix86+x86_64 1.0.2 112.00 236.00 348.00 NOTE

Check Details

Version: 1.0.2
Check: LazyData
Result: NOTE
     'LazyData' is specified without a 'data' directory
Flavors: r-devel-linux-x86_64-debian-clang, r-devel-linux-x86_64-debian-gcc, r-devel-linux-x86_64-fedora-clang, r-devel-linux-x86_64-fedora-gcc, r-devel-windows-x86_64, r-patched-linux-x86_64, r-release-linux-x86_64, r-release-macos-arm64, r-release-macos-x86_64, r-release-windows-x86_64, r-oldrel-macos-arm64, r-oldrel-macos-x86_64, r-oldrel-windows-ix86+x86_64

Version: 1.0.2
Check: installed package size
Result: NOTE
     installed size is 5.0Mb
     sub-directories of 1Mb or more:
     libs 4.9Mb
Flavors: r-release-macos-arm64, r-release-macos-x86_64, r-oldrel-macos-arm64, r-oldrel-macos-x86_64