Last updated on 2024-03-29 09:55:38 CET.
Flavor | Version | Tinstall | Tcheck | Ttotal | Status | Flags |
---|---|---|---|---|---|---|
r-devel-linux-x86_64-debian-clang | 4.2-21 | 254.59 | 226.18 | 480.77 | OK | |
r-devel-linux-x86_64-debian-gcc | 4.2-21 | 182.02 | 156.26 | 338.28 | OK | |
r-devel-linux-x86_64-fedora-clang | 4.2-21 | 726.36 | NOTE | |||
r-devel-linux-x86_64-fedora-gcc | 4.2-21 | 642.91 | OK | |||
r-devel-windows-x86_64 | 4.2-21 | 193.00 | 237.00 | 430.00 | OK | |
r-patched-linux-x86_64 | 4.2-21 | 253.85 | 220.78 | 474.63 | OK | |
r-release-linux-x86_64 | 4.2-21 | 252.22 | 218.39 | 470.61 | OK | |
r-release-macos-arm64 | 4.2-21 | 118.00 | NOTE | |||
r-release-macos-x86_64 | 4.2-21 | 247.00 | NOTE | |||
r-release-windows-x86_64 | 4.2-21 | 235.00 | 368.00 | 603.00 | OK | |
r-oldrel-macos-arm64 | 4.2-21 | 116.00 | NOTE | |||
r-oldrel-windows-x86_64 | 4.2-21 | 232.00 | 312.00 | 544.00 | OK |
Version: 4.2-21
Check: Rd cross-references
Result: NOTE
Undeclared package ‘mirt’ in Rd xrefs
Flavor: r-devel-linux-x86_64-fedora-clang
Version: 4.2-21
Check: installed package size
Result: NOTE
installed size is 7.5Mb
sub-directories of 1Mb or more:
R 2.1Mb
libs 4.5Mb
Flavors: r-release-macos-arm64, r-release-macos-x86_64, r-oldrel-macos-arm64