Last updated on 2022-07-04 12:54:23 CEST.
Flavor | Version | Tinstall | Tcheck | Ttotal | Status | Flags |
---|---|---|---|---|---|---|
r-devel-linux-x86_64-debian-clang | 4.0.0 | 4.00 | 39.42 | 43.42 | OK | |
r-devel-linux-x86_64-debian-gcc | 4.0.0 | 3.34 | 31.06 | 34.40 | OK | |
r-devel-linux-x86_64-fedora-clang | 4.0.0 | 64.39 | NOTE | |||
r-devel-linux-x86_64-fedora-gcc | 4.0.0 | 63.60 | OK | |||
r-devel-windows-x86_64 | 4.0.0 | 43.00 | 75.00 | 118.00 | OK | |
r-patched-linux-x86_64 | 4.0.0 | 4.68 | 38.55 | 43.23 | OK | |
r-release-linux-x86_64 | 4.0.0 | 4.18 | 38.88 | 43.06 | OK | |
r-release-macos-arm64 | 4.0.0 | 20.00 | OK | |||
r-release-macos-x86_64 | 4.0.0 | 30.00 | OK | |||
r-release-windows-x86_64 | 4.0.0 | 25.00 | 84.00 | 109.00 | OK | |
r-oldrel-macos-arm64 | 4.0.0 | 24.00 | OK | |||
r-oldrel-macos-x86_64 | 4.0.0 | 36.00 | OK | |||
r-oldrel-windows-ix86+x86_64 | 4.0.0 | 12.00 | 63.00 | 75.00 | OK |
Version: 4.0.0
Check: Rd cross-references
Result: NOTE
Undeclared package ‘icesAdvice’ in Rd xrefs
Flavor: r-devel-linux-x86_64-fedora-clang