CRAN Package Check Results for Package T4transport

Last updated on 2024-03-02 11:49:46 CET.

Flavor Version Tinstall Tcheck Ttotal Status Flags
r-devel-linux-x86_64-debian-clang 0.1.2 133.82 148.76 282.58 OK
r-devel-linux-x86_64-debian-gcc 0.1.2 94.76 112.61 207.37 OK
r-devel-linux-x86_64-fedora-clang 0.1.2 371.77 OK
r-devel-linux-x86_64-fedora-gcc 0.1.2 370.74 OK
r-devel-windows-x86_64 0.1.2 95.00 140.00 235.00 NOTE
r-patched-linux-x86_64 0.1.2 120.49 146.45 266.94 OK
r-release-linux-x86_64 0.1.2 126.86 146.26 273.12 OK
r-release-macos-arm64 0.1.2 97.00 NOTE
r-release-macos-x86_64 0.1.2 182.00 NOTE
r-release-windows-x86_64 0.1.2 119.00 179.00 298.00 NOTE
r-oldrel-macos-arm64 0.1.2 94.00 NOTE
r-oldrel-windows-x86_64 0.1.2 115.00 167.00 282.00 NOTE

Check Details

Version: 0.1.2
Check: installed package size
Result: NOTE installed size is 6.0Mb sub-directories of 1Mb or more: data 4.3Mb libs 1.4Mb Flavors: r-devel-windows-x86_64, r-release-macos-arm64, r-release-macos-x86_64, r-release-windows-x86_64, r-oldrel-macos-arm64, r-oldrel-windows-x86_64