Last updated on 2023-02-02 11:54:18 CET.
Flavor | Version | Tinstall | Tcheck | Ttotal | Status | Flags |
---|---|---|---|---|---|---|
r-devel-linux-x86_64-debian-clang | 0.1.1 | 118.24 | 152.67 | 270.91 | NOTE | |
r-devel-linux-x86_64-debian-gcc | 0.1.1 | 92.58 | 112.70 | 205.28 | NOTE | |
r-devel-linux-x86_64-fedora-clang | 0.1.1 | 363.97 | NOTE | |||
r-devel-linux-x86_64-fedora-gcc | 0.1.1 | 363.96 | NOTE | |||
r-devel-windows-x86_64 | 0.1.1 | 126.00 | 294.00 | 420.00 | NOTE | |
r-patched-linux-x86_64 | 0.1.1 | 92.48 | 143.36 | 235.84 | OK | |
r-release-linux-x86_64 | 0.1.1 | 95.56 | 143.16 | 238.72 | OK | |
r-release-macos-arm64 | 0.1.1 | 81.00 | NOTE | |||
r-release-macos-x86_64 | 0.1.1 | 115.00 | NOTE | |||
r-release-windows-x86_64 | 0.1.1 | 108.00 | 250.00 | 358.00 | NOTE | |
r-oldrel-macos-arm64 | 0.1.1 | 75.00 | NOTE | |||
r-oldrel-macos-x86_64 | 0.1.1 | 113.00 | NOTE | |||
r-oldrel-windows-ix86+x86_64 | 0.1.1 | 278.00 | 234.00 | 512.00 | NOTE |
Version: 0.1.1
Check: C++ specification
Result: NOTE
Specified C++11: please update to current default of C++17
Flavors: r-devel-linux-x86_64-debian-clang, r-devel-linux-x86_64-debian-gcc, r-devel-linux-x86_64-fedora-clang, r-devel-linux-x86_64-fedora-gcc, r-devel-windows-x86_64
Version: 0.1.1
Check: installed package size
Result: NOTE
installed size is 5.0Mb
sub-directories of 1Mb or more:
data 4.3Mb
Flavors: r-devel-linux-x86_64-fedora-clang, r-devel-windows-x86_64, r-release-macos-arm64, r-release-macos-x86_64, r-release-windows-x86_64, r-oldrel-macos-arm64, r-oldrel-macos-x86_64, r-oldrel-windows-ix86+x86_64