Last updated on 2022-05-27 12:53:27 CEST.
Flavor | Version | Tinstall | Tcheck | Ttotal | Status | Flags |
---|---|---|---|---|---|---|
r-devel-linux-x86_64-debian-clang | 0.1.2 | 258.91 | 208.60 | 467.51 | OK | |
r-devel-linux-x86_64-debian-gcc | 0.1.2 | 194.97 | 162.35 | 357.32 | OK | |
r-devel-linux-x86_64-fedora-clang | 0.1.2 | 635.37 | NOTE | |||
r-devel-linux-x86_64-fedora-gcc | 0.1.2 | 564.80 | OK | |||
r-devel-windows-x86_64 | 0.1.2 | 216.00 | 250.00 | 466.00 | OK | |
r-patched-linux-x86_64 | 0.1.2 | 196.20 | 198.62 | 394.82 | OK | |
r-release-linux-x86_64 | 0.1.2 | 172.16 | 195.10 | 367.26 | OK | |
r-release-macos-arm64 | 0.1.2 | 134.00 | NOTE | |||
r-release-macos-x86_64 | 0.1.2 | 210.00 | NOTE | |||
r-release-windows-x86_64 | 0.1.2 | 228.00 | 250.00 | 478.00 | OK | |
r-oldrel-macos-arm64 | 0.1.2 | 143.00 | NOTE | |||
r-oldrel-macos-x86_64 | 0.1.2 | 174.00 | NOTE | |||
r-oldrel-windows-ix86+x86_64 | 0.1.2 | 551.00 | 306.00 | 857.00 | OK |
Version: 0.1.2
Check: installed package size
Result: NOTE
installed size is 10.2Mb
sub-directories of 1Mb or more:
libs 9.7Mb
Flavors: r-devel-linux-x86_64-fedora-clang, r-release-macos-arm64, r-release-macos-x86_64, r-oldrel-macos-arm64, r-oldrel-macos-x86_64
Version: 0.1.2
Check: Rd cross-references
Result: NOTE
Undeclared package ‘HSAUR3’ in Rd xrefs
Flavor: r-devel-linux-x86_64-fedora-clang