Last updated on 2024-04-17 10:41:52 CEST.
Flavor | Version | Tinstall | Tcheck | Ttotal | Status | Flags |
---|---|---|---|---|---|---|
r-devel-linux-x86_64-debian-clang | 0.1.3 | 9.08 | 89.31 | 98.39 | OK | |
r-devel-linux-x86_64-debian-gcc | 0.1.3 | 8.07 | 65.21 | 73.28 | OK | |
r-devel-linux-x86_64-fedora-clang | 0.1.3 | 121.94 | NOTE | |||
r-devel-linux-x86_64-fedora-gcc | 0.1.3 | 124.04 | NOTE | |||
r-prerel-macos-arm64 | 0.1.3 | 34.00 | OK | |||
r-prerel-macos-x86_64 | 0.1.3 | 71.00 | OK | |||
r-prerel-windows-x86_64 | 0.1.3 | 10.00 | 92.00 | 102.00 | OK | |
r-patched-linux-x86_64 | 0.1.3 | 7.01 | 84.33 | 91.34 | OK | |
r-release-linux-x86_64 | 0.1.3 | 7.20 | 85.64 | 92.84 | OK | |
r-release-macos-arm64 | 0.1.3 | 34.00 | OK | |||
r-release-macos-x86_64 | 0.1.3 | 53.00 | OK | |||
r-release-windows-x86_64 | 0.1.3 | 14.00 | 99.00 | 113.00 | OK | |
r-oldrel-macos-arm64 | 0.1.3 | 30.00 | OK | |||
r-oldrel-windows-x86_64 | 0.1.3 | 4.00 | 10.00 | 14.00 | ERROR |
Version: 0.1.3
Check: data for non-ASCII characters
Result: NOTE
Note: found 38 marked UTF-8 strings
Flavors: r-devel-linux-x86_64-fedora-clang, r-devel-linux-x86_64-fedora-gcc
Version: 0.1.3
Check: whether package can be installed
Result: ERROR
Installation failed.
Flavor: r-oldrel-windows-x86_64