CRAN Package Check Results for Package SynthTools

Last updated on 2022-07-01 11:52:12 CEST.

Flavor Version Tinstall Tcheck Ttotal Status Flags
r-devel-linux-x86_64-debian-clang 1.0.1 3.14 34.66 37.80 OK
r-devel-linux-x86_64-debian-gcc 1.0.1 2.16 26.66 28.82 OK
r-devel-linux-x86_64-fedora-clang 1.0.1 55.73 NOTE
r-devel-linux-x86_64-fedora-gcc 1.0.1 55.29 NOTE
r-devel-windows-x86_64 1.0.1 6.00 73.00 79.00 OK
r-patched-linux-x86_64 1.0.1 2.02 33.78 35.80 OK
r-release-linux-x86_64 1.0.1 2.48 32.88 35.36 OK
r-release-macos-arm64 1.0.1 21.00 NOTE
r-release-macos-x86_64 1.0.1 38.00 NOTE
r-release-windows-x86_64 1.0.1 23.00 67.00 90.00 OK
r-oldrel-macos-arm64 1.0.1 27.00 NOTE
r-oldrel-macos-x86_64 1.0.1 36.00 NOTE
r-oldrel-windows-ix86+x86_64 1.0.1 8.00 55.00 63.00 OK

Check Details

Version: 1.0.1
Check: dependencies in R code
Result: NOTE
    Namespace in Imports field not imported from: ‘utils’
     All declared Imports should be used.
Flavors: r-devel-linux-x86_64-fedora-clang, r-devel-linux-x86_64-fedora-gcc, r-release-macos-arm64, r-release-macos-x86_64, r-oldrel-macos-arm64, r-oldrel-macos-x86_64