CRAN Package Check Results for Package SynthCast

Last updated on 2022-07-01 11:52:12 CEST.

Flavor Version Tinstall Tcheck Ttotal Status Flags
r-devel-linux-x86_64-debian-clang 0.2.1 8.40 134.08 142.48 OK
r-devel-linux-x86_64-debian-gcc 0.2.1 6.21 97.80 104.01 OK
r-devel-linux-x86_64-fedora-clang 0.2.1 182.14 OK
r-devel-linux-x86_64-fedora-gcc 0.2.1 188.89 OK
r-devel-windows-x86_64 0.2.1 16.00 159.00 175.00 OK
r-patched-linux-x86_64 0.2.1 6.67 125.59 132.26 OK
r-release-linux-x86_64 0.2.1 6.25 126.73 132.98 OK
r-release-macos-arm64 0.2.1 44.00 OK
r-release-macos-x86_64 0.2.1 7.00 ERROR
r-release-windows-x86_64 0.2.1 23.00 158.00 181.00 OK
r-oldrel-macos-arm64 0.2.1 37.00 OK
r-oldrel-macos-x86_64 0.2.1 60.00 OK
r-oldrel-windows-ix86+x86_64 0.2.1 18.00 155.00 173.00 OK

Check Details

Version: 0.2.1
Check: package dependencies
Result: ERROR
    Package required but not available: ‘Synth’
    
    See section ‘The DESCRIPTION file’ in the ‘Writing R Extensions’
    manual.
Flavor: r-release-macos-x86_64