Last updated on 2023-01-27 11:49:41 CET.
Flavor | Version | Tinstall | Tcheck | Ttotal | Status | Flags |
---|---|---|---|---|---|---|
r-devel-linux-x86_64-debian-clang | 2.0.0 | 2.90 | 35.56 | 38.46 | NOTE | |
r-devel-linux-x86_64-debian-gcc | 2.0.0 | 2.93 | 27.31 | 30.24 | NOTE | |
r-devel-linux-x86_64-fedora-clang | 2.0.0 | 53.78 | NOTE | |||
r-devel-linux-x86_64-fedora-gcc | 2.0.0 | 63.24 | NOTE | |||
r-devel-windows-x86_64 | 2.0.0 | 42.00 | 65.00 | 107.00 | NOTE | |
r-patched-linux-x86_64 | 2.0.0 | 3.60 | 35.10 | 38.70 | NOTE | |
r-release-linux-x86_64 | 2.0.0 | 2.95 | 35.50 | 38.45 | NOTE | |
r-release-macos-arm64 | 2.0.0 | 18.00 | NOTE | |||
r-release-macos-x86_64 | 2.0.0 | 29.00 | NOTE | |||
r-release-windows-x86_64 | 2.0.0 | 68.00 | 70.00 | 138.00 | NOTE | |
r-oldrel-macos-arm64 | 2.0.0 | 22.00 | NOTE | |||
r-oldrel-macos-x86_64 | 2.0.0 | 27.00 | NOTE | |||
r-oldrel-windows-ix86+x86_64 | 2.0.0 | 7.00 | 65.00 | 72.00 | NOTE |
Version: 2.0.0
Check: LazyData
Result: NOTE
'LazyData' is specified without a 'data' directory
Flavors: r-devel-linux-x86_64-debian-clang, r-devel-linux-x86_64-debian-gcc, r-devel-linux-x86_64-fedora-clang, r-devel-linux-x86_64-fedora-gcc, r-devel-windows-x86_64, r-patched-linux-x86_64, r-release-linux-x86_64, r-release-macos-arm64, r-release-macos-x86_64, r-release-windows-x86_64, r-oldrel-macos-arm64, r-oldrel-macos-x86_64, r-oldrel-windows-ix86+x86_64