Last updated on 2022-07-02 12:53:16 CEST.
Flavor | Version | Tinstall | Tcheck | Ttotal | Status | Flags |
---|---|---|---|---|---|---|
r-devel-linux-x86_64-debian-clang | 0.1.1 | 12.84 | 102.25 | 115.09 | OK | |
r-devel-linux-x86_64-debian-gcc | 0.1.1 | 9.11 | 76.21 | 85.32 | OK | |
r-devel-linux-x86_64-fedora-clang | 0.1.1 | 144.88 | NOTE | |||
r-devel-linux-x86_64-fedora-gcc | 0.1.1 | 143.24 | NOTE | |||
r-devel-windows-x86_64 | 0.1.1 | 19.00 | 122.00 | 141.00 | OK | |
r-patched-linux-x86_64 | 0.1.1 | 10.85 | 95.79 | 106.64 | OK | |
r-release-linux-x86_64 | 0.1.1 | 11.00 | 96.48 | 107.48 | OK | |
r-release-macos-arm64 | 0.1.1 | 48.00 | NOTE | |||
r-release-macos-x86_64 | 0.1.1 | 68.00 | NOTE | |||
r-release-windows-x86_64 | 0.1.1 | 24.00 | 125.00 | 149.00 | OK | |
r-oldrel-macos-arm64 | 0.1.1 | 37.00 | NOTE | |||
r-oldrel-macos-x86_64 | 0.1.1 | 67.00 | NOTE | |||
r-oldrel-windows-ix86+x86_64 | 0.1.1 | 31.00 | 115.00 | 146.00 | OK |
Version: 0.1.1
Check: dependencies in R code
Result: NOTE
Namespaces in Imports field not imported from:
‘Rdpack’ ‘readr’ ‘rlang’ ‘survival’ ‘tidyverse’ ‘utils’
All declared Imports should be used.
Flavors: r-devel-linux-x86_64-fedora-clang, r-devel-linux-x86_64-fedora-gcc, r-release-macos-arm64, r-release-macos-x86_64, r-oldrel-macos-arm64, r-oldrel-macos-x86_64