Last updated on 2022-06-29 11:52:23 CEST.
Flavor | Version | Tinstall | Tcheck | Ttotal | Status | Flags |
---|---|---|---|---|---|---|
r-devel-linux-x86_64-debian-clang | 0.1.1 | 17.46 | 156.72 | 174.18 | OK | |
r-devel-linux-x86_64-debian-gcc | 0.1.1 | 15.56 | 115.90 | 131.46 | OK | |
r-devel-linux-x86_64-fedora-clang | 0.1.1 | 215.45 | NOTE | |||
r-devel-linux-x86_64-fedora-gcc | 0.1.1 | 215.29 | NOTE | |||
r-devel-windows-x86_64 | 0.1.1 | 22.00 | 174.00 | 196.00 | OK | |
r-patched-linux-x86_64 | 0.1.1 | 15.50 | 148.10 | 163.60 | OK | |
r-release-linux-x86_64 | 0.1.1 | 17.59 | 146.60 | 164.19 | OK | |
r-release-macos-arm64 | 0.1.1 | 57.00 | NOTE | |||
r-release-macos-x86_64 | 0.1.1 | 97.00 | NOTE | |||
r-release-windows-x86_64 | 0.1.1 | 25.00 | 178.00 | 203.00 | OK | |
r-oldrel-macos-arm64 | 0.1.1 | 64.00 | NOTE | |||
r-oldrel-macos-x86_64 | 0.1.1 | 70.00 | NOTE | |||
r-oldrel-windows-ix86+x86_64 | 0.1.1 | 41.00 | 177.00 | 218.00 | OK |
Version: 0.1.1
Check: dependencies in R code
Result: NOTE
Namespace in Imports field not imported from: ‘readr’
All declared Imports should be used.
Flavors: r-devel-linux-x86_64-fedora-clang, r-devel-linux-x86_64-fedora-gcc, r-release-macos-arm64, r-release-macos-x86_64, r-oldrel-macos-arm64, r-oldrel-macos-x86_64