CRAN Package Check Results for Package Superpower

Last updated on 2022-12-03 12:57:29 CET.

Flavor Version Tinstall Tcheck Ttotal Status Flags
r-devel-linux-x86_64-debian-clang 0.2.0 19.43 452.50 471.93 OK
r-devel-linux-x86_64-debian-gcc 0.2.0 15.27 330.77 346.04 OK
r-devel-linux-x86_64-fedora-clang 0.2.0 571.53 NOTE
r-devel-linux-x86_64-fedora-gcc 0.2.0 593.09 NOTE
r-devel-windows-x86_64 0.2.0 80.00 524.00 604.00 OK
r-patched-linux-x86_64 0.2.0 25.47 420.33 445.80 OK
r-release-linux-x86_64 0.2.0 20.09 414.89 434.98 OK
r-release-macos-arm64 0.2.0 105.00 NOTE
r-release-macos-x86_64 0.2.0 176.00 NOTE
r-release-windows-x86_64 0.2.0 78.00 762.00 840.00 OK
r-oldrel-macos-arm64 0.2.0 95.00 NOTE
r-oldrel-macos-x86_64 0.2.0 186.00 NOTE
r-oldrel-windows-ix86+x86_64 0.2.0 41.00 861.00 902.00 OK

Check Details

Version: 0.2.0
Check: dependencies in R code
Result: NOTE
    Namespaces in Imports field not imported from:
     ‘gridExtra’ ‘mvtnorm’
     All declared Imports should be used.
Flavors: r-devel-linux-x86_64-fedora-clang, r-devel-linux-x86_64-fedora-gcc, r-release-macos-arm64, r-release-macos-x86_64, r-oldrel-macos-arm64, r-oldrel-macos-x86_64